 - 40 - 6. Calculate the greatest common factor of i and o.
23
Let a(k) = 141*k + 187. Let l be a(35). What is the greatest common factor of 26 and l?
26
Suppose 105*j - 73*j - 4800 = 0. Let t(d) = 6*d. Let n be t(5). Calculate the highest common factor of n and j.
30
Let l(b) = b - 3. Let h be l(8). Let z(j) = -3*j**3 + 2*j**3 - 1 - j + 3*j + 5*j**2 + 2. Let y be z(h). What is the highest common factor of y and 121?
11
Let l(c) = -16*c - 128. Let x be l(-11). What is the greatest common divisor of 176 and x?
16
Let m(k) = -42*k + 58. Let w be m(0). Calculate the highest common divisor of w and 203.
29
Let l(k) = 51*k**3 - 3*k + 1. Let m be l(2). Suppose 0 = -3*c + 2*t + m, 5*t = -5*c + 927 - 247. Calculate the greatest common divisor of c and 27.
27
Suppose -7*r = 9*r - 384. Suppose -19*p + r*p = 200. What is the greatest common divisor of 8 and p?
8
Let c(x) = 2*x**2 - 167*x + 510. Let k be c(3). Calculate the greatest common factor of k and 69.
3
Suppose -4*w = 2*w - 36. Let n = w - -12. What is the greatest common divisor of 2 and n?
2
Let v(q) be the second derivative of q**4/4 - q**3/3 - 8*q**2 - 8*q. Let l be v(4). Calculate the greatest common divisor of 3 and l.
3
Suppose -56 - 54 = -2*o. Suppose -7*q = -5*q - 16. Let k = 3 + q. What is the highest common divisor of o and k?
11
Let x be 3 + 2 + (-5 - -5). Suppose -30 = 4*c - x*z - 137, c - 5*z = 8. Calculate the greatest common factor of 22 and c.
11
Let p(i) = 5 - 8 - 3*i + i**2 + 3*i - 2*i. Let x be p(-12). What is the highest common divisor of x and 66?
33
Let l(r) = -7*r**3 - 14*r**2 - 11*r - 2. Let w be l(-6). Calculate the highest common divisor of w and 16.
16
Suppose -43*k + 124 = -45*k. Let t = -32 - k. Calculate the highest common divisor of t and 75.
15
Let l(b) = -17*b + 21. Let p be l(4). Let z be (-2)/7 + (-467)/7. Let w = p - z. What is the greatest common divisor of w and 5?
5
Suppose -11*p + 22*p = 462. What is the highest common factor of p and 546?
42
Let x(w) = w - 2. Let q be x(-6). Let l = -14 - q. Let c be l/(-10) + 17/5. What is the greatest common divisor of c and 4?
4
Let o(j) = -j**3 - 6*j**2 - j + 2. Let f be o(-5). Let m = f + 28. Let r be 30/(-6)*(-17 - -1). Calculate the greatest common divisor of m and r.
10
Suppose 6 = -2*f - 6. Let q = -3 - f. Let c = q - -14. What is the highest common factor of c and 119?
17
Let o(l) = 4*l**2 - 34*l + 278. Let f be o(23). Calculate the greatest common factor of 248 and f.
124
Let k be ((-12)/7)/(5/(-175)). What is the highest common factor of 240 and k?
60
Let r be (-26)/(-3) - (-7)/(22 - 1). What is the greatest common divisor of r and 21?
3
Let z = 85 + -133. Let l = z + 83. Let j be (112/l)/(1/15). Calculate the greatest common divisor of j and 12.
12
Let b(d) = -d**2 - 6*d - 8. Let h be b(-4). Suppose -5*p + 29 - 14 = h. Let n = -69 - -102. Calculate the greatest common factor of n and p.
3
Let i be 12*(-3)/(-12) + (-72)/(-1). Let d be 17/4 + 6 + i/(-12). Calculate the highest common divisor of d and 36.
4
Let a(f) = 2*f - 1. Let s be a(3). Suppose 0*g = 4*w + g - 13, 0 = -2*w + s*g + 1. Suppose -40 - 215 = -w*k. Calculate the greatest common factor of k and 34.
17
Let y be 1/(-2) + 4028/8. Let g = y + -341. What is the greatest common factor of 18 and g?
18
Let f(v) = v**3 + 6*v**2 - 6*v + 10. Let y be (-6)/9*12 + 1. Let l be f(y). What is the highest common divisor of l and 1?
1
Let c(u) = 3*u - 24. Let q be c(9). Suppose -q*w + 390 = 10*w. What is the greatest common divisor of w and 45?
15
Suppose 34*b - 108 = 7*b. Suppose -4*w = 3*g + 3 + 7, -2*g - 5*w - 16 = 0. What is the greatest common divisor of g and b?
2
Suppose 16*q = 26*q - 660. Calculate the highest common factor of 33 and q.
33
Let s = 432 - 306. Suppose 5*k = 3*d - s, -2*k + 3*k = 3. Let t = d + -25. What is the greatest common divisor of t and 11?
11
Let z(g) = 66*g**3 + 4*g**2 - 14*g + 32. Let f be z(4). What is the highest common divisor of 104 and f?
104
Let k(q) = -8 + 1 + q**2 - 13*q + 0*q - 1. Let s be k(13). Let o be ((-5)/(-4))/((-2)/s). Calculate the greatest common factor of o and 45.
5
Suppose -5*z = 5*n - 40, -3*n = -z - 7 + 3. Suppose -s = -n*h + 2*h - 8, 4*s - 34 = 2*h. What is the greatest common divisor of s and 3?
3
Let i = -791 + 811. Let q(k) = -k**3 + 4*k**2 + 1. Let m be q(3). Calculate the greatest common divisor of i and m.
10
Let h = -18 + 30. Let u = 24 - h. Suppose 9 = 9*s - 747. What is the highest common factor of u and s?
12
Suppose 0 = x + x - 3*x. Suppose t - 46 = -4*k, x = -4*k - 4*t + 41 + 11. Calculate the greatest common factor of 99 and k.
11
Let l be (-1452)/(-16) - (-3)/(-4). Suppose 4*j + 5 = 77. What is the highest common factor of l and j?
18
Let n be 2 + (-9)/(-6)*2. Suppose -n*l - 360 = -3*l. Let b = -61 - l. Calculate the greatest common factor of 17 and b.
17
Suppose 471 = 24*q - 1377. Calculate the greatest common divisor of 55 and q.
11
Let m = 18 - 15. Suppose 2*w = -0*w - 5*g + 22, -5*w - m*g = -74. Let i be (-3364)/(-30) + (-6)/45. Calculate the highest common factor of i and w.
16
Let r = -582 - -593. Suppose 4*a - 2*g - 26 = 0, -5*g + 23 = 2*a - 8. Let z = a - -3. What is the greatest common divisor of r and z?
11
Let z = 22 + -19. Suppose 93 - 30 = z*d. Calculate the greatest common divisor of 168 and d.
21
Suppose -3546 = 410*m - 419*m. What is the greatest common factor of 2 and m?
2
Let g = 355 + -335. Let a = -24 + 64. Calculate the greatest common divisor of g and a.
20
Suppose -82 = 5*m - 5*l - 17, 1 = -2*m - 3*l. Let a be (4/6)/(m/(-12)). What is the highest common divisor of a and 16?
1
Let v(r) = -58*r**2 + 1. Let w be v(1). Let d be (w/(-2))/(3/(-6)). Let m = -9 - d. Calculate the highest common divisor of 16 and m.
16
Let f(q) = q**2 - 13*q + 64. Let a be f(0). What is the greatest common factor of 176 and a?
16
Let g = 22 + -19. Suppose -g*c + 4 = -2*c - 5*d, 0 = 4*c - 4*d. Let r be (2/(-6))/(c/12). What is the greatest common divisor of r and 12?
4
Suppose 65*j + 5100 = 82*j. Calculate the highest common factor of j and 240.
60
Let o = 817 + -277. Calculate the greatest common factor of 24 and o.
12
Let j be 280/6*81/18. Suppose 0*x + 116 = 4*x. Suppose 2*s - 31 = x. Calculate the highest common divisor of j and s.
30
Let l = -162 - -244. What is the greatest common factor of 1107 and l?
41
Let i be (9/(-5))/(156/(-3640)). What is the greatest common divisor of 56 and i?
14
Suppose -3*t - 6 = 0, -6 + 98 = 3*v + 2*t. What is the highest common divisor of 352 and v?
32
Suppose 15*g = 4*g + 374. What is the greatest common divisor of g and 221?
17
Let j be (((-24)/2)/(-1))/1. Let q be (33/j)/(1/4). Let d = 362 - 263. Calculate the highest common factor of d and q.
11
Let y = 16 + 89. What is the highest common divisor of y and 30?
15
Let p(l) = -8*l + 1. Let k be p(5). Let x = 55 + k. What is the greatest common factor of 16 and x?
16
Let a = -10 + 31. Suppose -4*l + 4 = 0, -w - 4*l + a = -25. What is the greatest common divisor of w and 28?
14
Suppose 4*n + 3*i = 192, -12 = -i - 2*i. What is the greatest common factor of n and 36?
9
Let n(z) = z**2 - 3*z - 5. Let y be n(-7). Let j be 63 + (-1)/2*-6. Let r = j + -53. Calculate the highest common divisor of r and y.
13
Suppose 4*j - 295 = 5*a, -4 = 2*a + 2. Suppose 0*f + 3*f + 24 = 0. Let b(s) = -s**2 - 7*s + 18. Let d be b(f). What is the greatest common divisor of d and j?
10
Let m be ((-3)/((-3)/(-26)))/(-2). Let n be ((-2)/(-4))/((-8)/(-208)). What is the greatest common factor of n and m?
13
Let b = -15 - -43. What is the highest common divisor of 42 and b?
14
Let a(i) = 4*i**2 + 3*i - 1. Let v be a(2). Suppose 3*r + 4*m = 62, -5*r + 16 = 3*m - 69. What is the highest common divisor of r and v?
7
Let t(v) = v**2 + 22*v + 37. Let s be t(-19). Let x = s - -32. Calculate the greatest common factor of 204 and x.
12
Let v(l) = -l**3 - 9*l**2 + 2*l + 1. Let p be v(-13). Suppose -126 = 5*b - p. What is the greatest common divisor of 15 and b?
15
Let y(w) = -5*w**3 + 2*w**2 - 35*w - 104. Let l be y(-3). Calculate the highest common factor of l and 22.
22
Let m(f) = f**3 - 31*f**2 + 133*f - 6. Let w be m(5). Let x(c) = c**2 + 4*c - 4. Let u be x(-6). Let y = -5 + u. What is the highest common divisor of y and w?
3
Let c = 868 + -808